{"id":488,"date":"2019-12-06T21:01:23","date_gmt":"2019-12-06T21:01:23","guid":{"rendered":"https:\/\/cms.dvg-lsa.de\/?page_id=488"},"modified":"2025-04-19T21:45:53","modified_gmt":"2025-04-19T20:45:53","slug":"impressum","status":"publish","type":"page","link":"https:\/\/www.dvgbund.de\/?page_id=488","title":{"rendered":"Impressum"},"content":{"rendered":"\n<p><strong>Angaben gem\u00e4\u00df \u00a7 5 TMG:<\/strong><br>Deutsche Verwaltungs-Gewerkschaft (DVG)<\/p>\n\n\n\n<p><strong>Sitz (keine Postadresse):<\/strong><\/p>\n\n\n\n<p>Deutsche Verwaltungs-Gewerkschaft (DVG)<br>c\/o Deutsche Verwaltungs-Gewerkschaft Saar<br>Hohenzollernstra\u00dfe 41  <br>66117 Saarbr\u00fccken<\/p>\n\n\n\n<p class=\"has-text-align-left\"><strong>Bundesgesch\u00e4ftsstelle :<\/strong><\/p>\n\n\n\n<p class=\"has-text-align-left\">Deutsche Verwaltungs-Gewerkschaft (DVG)<br>H\u00e4ndelstra\u00dfe 38<br>06114 Halle (Saale)<\/p>\n\n\n\n<p class=\"has-text-align-left\"><br><strong>Vertreten durch:<\/strong><\/p>\n\n\n\n<p>den Bundesvorsitzenden <br>Herrn Joachim Johannes <br>c\/o Deutsche Verwaltungs-Gewerkschaft (DVG)<br>H\u00e4ndelstra\u00dfe 38<br>06114 Halle (Saale)<br>   <\/p>\n\n\n\n<p><strong>Kontakt:<\/strong><br>Telefon:  0345.575-4680<br>Telefax:  0345.575-4681<br>E-Mail <a href=\"mailto:bgst@dvgbund.de\">bgst@dvgbund.de<\/a><\/p>\n\n\n\n<p><strong>Verantwortlich f\u00fcr den Inhalt nach \u00a7 55 Abs. 2 RStV:<\/strong><br>Joachim Johannes<br>c\/o Deutsche Verwaltungs-Gewerkschaft (DVG)<br>H\u00e4ndelstra\u00dfe 38<br>06114 Halle (Saale) <\/p>\n\n\n\n<p><strong>Haftungsausschluss:<\/strong><\/p>\n\n\n\n<p><strong>Haftung f\u00fcr Inhalte<\/strong><br>Die Inhalte unserer Seiten wurden mit gr\u00f6\u00dfter Sorgfalt erstellt. F\u00fcr die Richtigkeit, Vollst\u00e4ndigkeit und Aktualit\u00e4t der Inhalte k\u00f6nnen wir jedoch keine Gew\u00e4hr  \u00fcbernehmen. Als Diensteanbieter sind wir gem\u00e4\u00df \u00a7 7 Abs.1 TMG f\u00fcr eigene Inhalte auf diesen Seiten nach den allgemeinen Gesetzen verantwortlich. Nach \u00a7\u00a7 8 bis 10 TMG sind wir als  Diensteanbieter jedoch nicht verpflichtet, \u00fcbermittelte oder gespeicherte fremde Informationen zu \u00fcberwachen oder nach Umst\u00e4nden zu  forschen, die auf eine rechtswidrige T\u00e4tigkeit hinweisen.  Verpflichtungen zur Entfernung oder Sperrung der Nutzung von  Informationen nach den allgemeinen Gesetzen bleiben hiervon unber\u00fchrt. Eine diesbez\u00fcgliche Haftung ist jedoch erst ab dem Zeitpunkt der Kenntnis einer konkreten Rechtsverletzung m\u00f6glich. Bei Bekanntwerden von entsprechenden Rechtsverletzungen werden wir diese Inhalte umgehend  entfernen.   <\/p>\n\n\n\n<p><strong>Haftung f\u00fcr Links<\/strong><br>Unser Angebot enth\u00e4lt Links zu externen Webseiten Dritter, auf deren  Inhalte wir keinen Einfluss haben. Deshalb k\u00f6nnen wir f\u00fcr diese fremden  Inhalte auch keine Gew\u00e4hr \u00fcbernehmen. F\u00fcr die Inhalte der verlinkten  Seiten ist stets der jeweilige Anbieter oder Betreiber der Seiten  verantwortlich. Die verlinkten Seiten wurden zum Zeitpunkt der  Verlinkung auf m\u00f6gliche Rechtsverst\u00f6\u00dfe \u00fcberpr\u00fcft. Rechtswidrige Inhalte  waren zum Zeitpunkt der Verlinkung nicht erkennbar. Eine permanente  inhaltliche Kontrolle der verlinkten Seiten ist jedoch ohne konkrete  Anhaltspunkte einer Rechtsverletzung nicht zumutbar. Bei Bekanntwerden  von Rechtsverletzungen werden wir derartige Links umgehend entfernen.<\/p>\n\n\n\n<p><strong>Urheberrecht<\/strong><br>Die durch die Seitenbetreiber erstellten Inhalte und Werke auf diesen Seiten unterliegen dem deutschen Urheberrecht. Die Vervielf\u00e4ltigung, Bearbeitung, Verbreitung und jede Art der Verwertung  au\u00dferhalb der Grenzen des Urheberrechtes bed\u00fcrfen der schriftlichen  Zustimmung des jeweiligen Autors bzw. Erstellers. Downloads und Kopien  dieser Seite sind nur f\u00fcr den privaten, nicht kommerziellen Gebrauch  gestattet. Soweit die Inhalte auf dieser Seite nicht vom Betreiber  erstellt wurden, werden die Urheberrechte Dritter beachtet. Insbesondere  werden Inhalte Dritter als solche gekennzeichnet. Sollten Sie trotzdem  auf eine Urheberrechtsverletzung aufmerksam werden, bitten wir um einen  entsprechenden Hinweis. Bei Bekanntwerden von Rechtsverletzungen werden  wir derartige Inhalte umgehend entfernen.<\/p>\n\n\n\n<p><strong>Datenschutz<\/strong><br>Die Nutzung unserer Webseite ist in der Regel ohne Angabe  personenbezogener Daten m\u00f6glich. Soweit auf unseren Seiten  personenbezogene Daten (beispielsweise Name, Anschrift oder  eMail-Adressen) erhoben werden, erfolgt dies, soweit m\u00f6glich, stets auf  freiwilliger Basis. Diese Daten werden ohne Ihre ausdr\u00fcckliche Zustimmung nicht an Dritte weitergegeben. <br>Wir weisen darauf hin, dass die Daten\u00fcbertragung im Internet (z.B.  bei der Kommunikation per E-Mail) Sicherheitsl\u00fccken aufweisen kann. Ein  l\u00fcckenloser Schutz der Daten vor dem Zugriff durch Dritte ist nicht  m\u00f6glich. <br>Der Nutzung von im Rahmen der Impressumspflicht ver\u00f6ffentlichten Kontaktdaten durch Dritte zur \u00dcbersendung von nicht ausdr\u00fccklich angeforderter Werbung und Informationsmaterialien wird hiermit ausdr\u00fccklich widersprochen. Die Betreiber der Seiten behalten sich  ausdr\u00fccklich rechtliche Schritte im Falle der unverlangten Zusendung von  Werbeinformationen, etwa durch Spam-Mails, vor.<\/p>\n\n\n\n<p><strong>Datenschutzerkl\u00e4rung f\u00fcr die Nutzung von Google Analytics<\/strong><br>Diese Website benutzt Google Analytics, einen Webanalysedienst der Google Inc. (&#8222;Google&#8220;). Google Analytics verwendet sog. &#8222;Cookies&#8220;,  Textdateien, die auf Ihrem Computer gespeichert werden und die eine  Analyse der Benutzung der Website durch Sie erm\u00f6glichen. Die durch den  Cookie erzeugten Informationen \u00fcber Ihre Benutzung dieser Website werden  in der Regel an einen Server von Google in den USA \u00fcbertragen und dort  gespeichert. Im Falle der Aktivierung der IP-Anonymisierung auf dieser  Webseite wird Ihre IP-Adresse von Google jedoch innerhalb von  Mitgliedstaaten der Europ\u00e4ischen Union oder in anderen Vertragsstaaten  des Abkommens \u00fcber den Europ\u00e4ischen Wirtschaftsraum zuvor gek\u00fcrzt.<br>Nur in Ausnahmef\u00e4llen wird die volle IP-Adresse an einen Server von  Google in den USA \u00fcbertragen und dort gek\u00fcrzt. Im Auftrag des Betreibers  dieser Website wird Google diese Informationen benutzen, um Ihre  Nutzung der Website auszuwerten, um Reports \u00fcber die Websiteaktivit\u00e4ten  zusammenzustellen und um weitere mit der Websitenutzung und der  Internetnutzung verbundene Dienstleistungen gegen\u00fcber dem  Websitebetreiber zu erbringen. Die im Rahmen von Google Analytics von  Ihrem Browser \u00fcbermittelte IP-Adresse wird nicht mit anderen Daten von  Google zusammengef\u00fchrt.<br>Sie k\u00f6nnen die Speicherung der Cookies durch eine entsprechende  Einstellung Ihrer Browser-Software verhindern; wir weisen Sie jedoch  darauf hin, dass Sie in diesem Fall gegebenenfalls nicht s\u00e4mtliche  Funktionen dieser Website vollumf\u00e4nglich werden nutzen k\u00f6nnen. Sie  k\u00f6nnen dar\u00fcber hinaus die Erfassung der durch das Cookie erzeugten und  auf Ihre Nutzung der Website bezogenen Daten (inkl. Ihrer IP-Adresse) an  Google sowie die Verarbeitung dieser Daten durch Google verhindern,  indem sie das unter dem folgenden Link verf\u00fcgbare Browser-Plugin  herunterladen und installieren:  http:\/\/tools.google.com\/dlpage\/gaoptout?hl=de.<\/p>\n","protected":false},"excerpt":{"rendered":"<p>Angaben gem\u00e4\u00df \u00a7 5 TMG:Deutsche Verwaltungs-Gewerkschaft (DVG) Sitz (keine Postadresse): Deutsche Verwaltungs-Gewerkschaft (DVG)c\/o Deutsche Verwaltungs-Gewerkschaft SaarHohenzollernstra\u00dfe 41 66117 Saarbr\u00fccken Bundesgesch\u00e4ftsstelle : Deutsche Verwaltungs-Gewerkschaft (DVG)H\u00e4ndelstra\u00dfe 3806114 Halle (Saale) Vertreten durch: den Bundesvorsitzenden Herrn Joachim Johannes c\/o Deutsche Verwaltungs-Gewerkschaft (DVG)H\u00e4ndelstra\u00dfe 3806114 Halle (Saale) Kontakt:Telefon: 0345.575-4680Telefax: 0345.575-4681E-Mail bgst@dvgbund.de Verantwortlich f\u00fcr den Inhalt nach \u00a7 55 Abs. 2 RStV:Joachim &#8230; <a title=\"Impressum\" class=\"read-more\" href=\"https:\/\/www.dvgbund.de\/?page_id=488\" aria-label=\"Mehr Informationen \u00fcber Impressum\">Weiterlesen<\/a><\/p>\n","protected":false},"author":1,"featured_media":0,"parent":0,"menu_order":0,"comment_status":"closed","ping_status":"closed","template":"","meta":{"_mi_skip_tracking":false,"_monsterinsights_sitenote_active":false,"_monsterinsights_sitenote_note":"","_monsterinsights_sitenote_category":0,"footnotes":""},"class_list":["post-488","page","type-page","status-publish"],"aioseo_notices":[],"_links":{"self":[{"href":"https:\/\/www.dvgbund.de\/index.php?rest_route=\/wp\/v2\/pages\/488","targetHints":{"allow":["GET"]}}],"collection":[{"href":"https:\/\/www.dvgbund.de\/index.php?rest_route=\/wp\/v2\/pages"}],"about":[{"href":"https:\/\/www.dvgbund.de\/index.php?rest_route=\/wp\/v2\/types\/page"}],"author":[{"embeddable":true,"href":"https:\/\/www.dvgbund.de\/index.php?rest_route=\/wp\/v2\/users\/1"}],"replies":[{"embeddable":true,"href":"https:\/\/www.dvgbund.de\/index.php?rest_route=%2Fwp%2Fv2%2Fcomments&post=488"}],"version-history":[{"count":6,"href":"https:\/\/www.dvgbund.de\/index.php?rest_route=\/wp\/v2\/pages\/488\/revisions"}],"predecessor-version":[{"id":2248,"href":"https:\/\/www.dvgbund.de\/index.php?rest_route=\/wp\/v2\/pages\/488\/revisions\/2248"}],"wp:attachment":[{"href":"https:\/\/www.dvgbund.de\/index.php?rest_route=%2Fwp%2Fv2%2Fmedia&parent=488"}],"curies":[{"name":"wp","href":"https:\/\/api.w.org\/{rel}","templated":true}]}}