{"id":858,"date":"2020-03-04T20:38:57","date_gmt":"2020-03-04T20:38:57","guid":{"rendered":"https:\/\/cms.dvgbund.de\/?page_id=858"},"modified":"2021-03-13T17:21:16","modified_gmt":"2021-03-13T17:21:16","slug":"satzung-der-bundesfrauenvertretung","status":"publish","type":"page","link":"https:\/\/www.dvgbund.de\/?page_id=858","title":{"rendered":"Satzung der Bundesfrauenvertretung"},"content":{"rendered":"\r\n<h2 class=\"has-text-align-center wp-block-heading\">Satzung<br>f\u00fcr die Bundesfrauenvertretung<br>der Deutschen Verwaltungs-Gewerkschaft (DVG)<br>(Bundesfrauenvertretung)<\/h2>\r\n\r\n\r\n\r\n<p class=\"has-text-align-center\"><br><strong>\u00a7 1<br>ZWECK UND AUFGABE<\/strong><\/p>\r\n\r\n\r\n\r\n<ol class=\"wp-block-list\"><li>Die Bundesfrauenvertretung vertritt die besonderen gewerkschafts- und gesellschaftspolitischen Interessen der weiblichen Einzelmitglieder innerhalb der DVG auf Bundesebene.<\/li><li>Die Bundesfrauenvertretung arbeitet dazu auch mit der Bundesfrauenvertretung des dbb und anderen Frauenorganisationen zusammen.<\/li><\/ol>\r\n\r\n\r\n\r\n<p class=\"has-text-align-center\"><br><strong>\u00a7 2<br>MITGLIEDSCHAFT<\/strong><\/p>\r\n\r\n\r\n\r\n<ol class=\"wp-block-list\"><li>Mitglieder der Bundesfrauenvertretung sind die daf\u00fcr entsandten Vertreterinnen der Mitgliedsgewerkschaften.<\/li><li>Jede Mitgliedsgewerkschaft hat in der Bundesfrauenvertretung eine Stimme.<\/li><\/ol>\r\n\r\n\r\n\r\n<p class=\"has-text-align-center\"><br><strong>\u00a7 3<br>VORSTAND<\/strong><\/p>\r\n\r\n\r\n\r\n<ol class=\"wp-block-list\"><li>Die Bundesfrauenvertretung w\u00e4hlt aus ihrer Mitte einen Vorstand.<\/li><li>Die Wahl findet grunds\u00e4tzlich in unmittelbarem Zusammenhang mit einem DVG-Bundesgewerkschaftstag statt. Mit der Neuwahl endet die Amtszeit des bisherigen Vorstandes.<\/li><li>Der Vorstand besteht aus:<ol><li>der Vorsitzenden,<\/li><li>zwei gleichberechtigten stellvertretenden Vorsitzenden.<\/li><\/ol><\/li><li>Scheidet ein Mitglied des Vorstandes w\u00e4hrend der Amtszeit aus, erfolgt die Nachwahl auf der n\u00e4chsten Sitzung der Bundesfrauenvertretung.<\/li><\/ol>\r\n\r\n\r\n\r\n<p class=\"has-text-align-center\"><br><strong>\u00a7 4<br>AUFGABEN DES VORSTANDES<\/strong><br><\/p>\r\n\r\n\r\n\r\n<ol class=\"wp-block-list\"><li>Der Vorstand f\u00fchrt die laufenden Gesch\u00e4fte der Bundesfrauenvertretung.<\/li><li>Die Vorsitzende der Bundesfrauenvertretung ist Mitglied des Bundeshauptvorstandes der DVG.<\/li><li>Die Vorsitzende der Bundesfrauenvertretung vertritt die DVG in der Bundesfrauenvertretung des dbb beamtenbund und tarifunion.<\/li><li>Im Verhinderungsfall wird die Vorsitzende der Bundesfrauenvertretung durch eine stellvertretende Vorsitzende vertreten.<\/li><\/ol>\r\n\r\n\r\n\r\n<p class=\"has-text-align-center\"><br><strong>\u00a7 5<br>SITZUNGEN<\/strong><\/p>\r\n\r\n\r\n\r\n<ol class=\"wp-block-list\"><li>Die Bundesfrauenvertretung tritt mindestens einmal j\u00e4hrlich zusammen.<\/li><li>Zu den Sitzungen l\u00e4dt die Vorsitzende der Bundesfrauenvertretung mindestens 4 Wochen vorher und unter Bekanntgabe der Tagesordnung ein. Im Ver-hinderungsfalle l\u00e4dt eine stellvertretende Vorsitzende ein.<\/li><li>Die Sitzungen der Bundesfrauenvertretung sind nicht \u00f6ffentlich. Die Bundesfrauenvertretung kann f\u00fcr einzelne Tagesordnungspunkte die Teilnahme von G\u00e4sten beschlie\u00dfen.<\/li><li>Die Mitglieder des DVG-Bundesvorstandes sind berechtigt, jederzeit an den Sitzungen der Bundesfrauenvertretung teilzunehmen.<\/li><li>Die Sitzungen der Bundesfrauenvertretung werden von ihrer Vorsitzenden geleitet.<\/li><li>Die Bundesfrauenvertretung ist bei ordnungsgem\u00e4\u00dfer Einladung immer beschlussf\u00e4hig. Verhinderte Mitglieder k\u00f6nnen sich durch ein von ihrer Mitgliedsgewerkschaft autorisiertes weibliches Mitglied vertreten lassen.<\/li><li>Die Bundesfrauenvertretung fasst ihre Beschl\u00fcsse mit einfacher Mehrheit. Enthaltungen gelten als nicht abgegebene Stimmen. Auf Antrag eines Mitgliedes erfolgt geheime Abstimmung.<\/li><li>\u00dcber die Sitzungen ist eine Niederschrift zu fertigen. Eine Ausfertigung der Niederschrift ist in der Bundesgesch\u00e4ftsstelle zu hinterlegen. Jeder Teilnehmerin ist eine Ausfertigung zu \u00fcbersenden.<\/li><\/ol>\r\n\r\n\r\n\r\n<p class=\"has-text-align-center\"><br><strong>\u00a7 6<br>KOSTEN<\/strong><\/p>\r\n\r\n\r\n\r\n<ol class=\"wp-block-list\"><li>Die Reisekosten einschlie\u00dflich \u00dcbernachtung und Tagungspauschalen an-l\u00e4sslich der Sitzungen der Bundesfrauenvertretung tragen die entsendenden Mitgliedsgewerkschaften.<\/li><li>Die erforderlichen Kosten f\u00fcr die Mitglieder des Vorstandes und sonstige Kosten tr\u00e4gt die DVG.<\/li><\/ol>\r\n\r\n\r\n\r\n<p class=\"has-text-align-center\"><br><strong>\u00a7 7<br>SCHLUSS- UND \u00dcBERGANGSBESTIMMUNGEN<\/strong><\/p>\r\n\r\n\r\n\r\n<ol class=\"wp-block-list\"><li>Soweit nicht in dieser Satzung geregelt, gelten die Satzungs- und Gesch\u00e4ftsordnungsbestimmungen der DVG sinngem\u00e4\u00df.<\/li><li>Diese Satzung beruht auf dem Beschluss der Sitzung der Bundesfrauenvertretung am 08.11.2016.<\/li><li>Diese Satzung tritt am Tag der Genehmigung durch den Bundeshauptvorstand der DVG in Kraft.<\/li><\/ol>\r\n\r\n\r\n\r\n<h2 class=\"wp-block-heading\">Dokumente<\/h2>\r\n\r\n\r\n\r\n<div class=\"wp-block-file\"><a href=\"https:\/\/www.dvgbund.de\/wp-content\/uploads\/2021\/03\/Satzung-Bundesfrauenvertretung-2016-11-06.pdf\">Satzung Bundesfrauenvertretung<\/a><a href=\"https:\/\/www.dvgbund.de\/wp-content\/uploads\/2021\/03\/Satzung-Bundesfrauenvertretung-2016-11-06.pdf\" class=\"wp-block-file__button\" download>Herunterladen<\/a><\/div>\r\n","protected":false},"excerpt":{"rendered":"<p>Satzungf\u00fcr die Bundesfrauenvertretungder Deutschen Verwaltungs-Gewerkschaft (DVG)(Bundesfrauenvertretung) \u00a7 1ZWECK UND AUFGABE Die Bundesfrauenvertretung vertritt die besonderen gewerkschafts- und gesellschaftspolitischen Interessen der weiblichen Einzelmitglieder innerhalb der DVG auf Bundesebene. Die Bundesfrauenvertretung arbeitet dazu auch mit der Bundesfrauenvertretung des dbb und anderen Frauenorganisationen zusammen. \u00a7 2MITGLIEDSCHAFT Mitglieder der Bundesfrauenvertretung sind die daf\u00fcr entsandten Vertreterinnen der Mitgliedsgewerkschaften. Jede Mitgliedsgewerkschaft &#8230; <a title=\"Satzung der Bundesfrauenvertretung\" class=\"read-more\" href=\"https:\/\/www.dvgbund.de\/?page_id=858\" aria-label=\"Mehr Informationen \u00fcber Satzung der Bundesfrauenvertretung\">Weiterlesen<\/a><\/p>\n","protected":false},"author":1,"featured_media":0,"parent":840,"menu_order":0,"comment_status":"closed","ping_status":"closed","template":"","meta":{"_mi_skip_tracking":false,"_monsterinsights_sitenote_active":false,"_monsterinsights_sitenote_note":"","_monsterinsights_sitenote_category":0,"footnotes":""},"class_list":["post-858","page","type-page","status-publish"],"aioseo_notices":[],"_links":{"self":[{"href":"https:\/\/www.dvgbund.de\/index.php?rest_route=\/wp\/v2\/pages\/858","targetHints":{"allow":["GET"]}}],"collection":[{"href":"https:\/\/www.dvgbund.de\/index.php?rest_route=\/wp\/v2\/pages"}],"about":[{"href":"https:\/\/www.dvgbund.de\/index.php?rest_route=\/wp\/v2\/types\/page"}],"author":[{"embeddable":true,"href":"https:\/\/www.dvgbund.de\/index.php?rest_route=\/wp\/v2\/users\/1"}],"replies":[{"embeddable":true,"href":"https:\/\/www.dvgbund.de\/index.php?rest_route=%2Fwp%2Fv2%2Fcomments&post=858"}],"version-history":[{"count":3,"href":"https:\/\/www.dvgbund.de\/index.php?rest_route=\/wp\/v2\/pages\/858\/revisions"}],"predecessor-version":[{"id":1006,"href":"https:\/\/www.dvgbund.de\/index.php?rest_route=\/wp\/v2\/pages\/858\/revisions\/1006"}],"up":[{"embeddable":true,"href":"https:\/\/www.dvgbund.de\/index.php?rest_route=\/wp\/v2\/pages\/840"}],"wp:attachment":[{"href":"https:\/\/www.dvgbund.de\/index.php?rest_route=%2Fwp%2Fv2%2Fmedia&parent=858"}],"curies":[{"name":"wp","href":"https:\/\/api.w.org\/{rel}","templated":true}]}}